{"id":1166,"date":"2024-09-12T17:51:17","date_gmt":"2024-09-12T15:51:17","guid":{"rendered":"https:\/\/dutyfree.com.tn\/diplomate\/?post_type=product&#038;p=1166"},"modified":"2025-01-06T10:27:07","modified_gmt":"2025-01-06T09:27:07","slug":"1-porte-cle-dromadaire","status":"publish","type":"product","link":"https:\/\/dutyfree.com.tn\/diplomate\/produit\/1-porte-cle-dromadaire\/","title":{"rendered":"1 PORTE-CL\u00c9 DROMADAIRE"},"content":{"rendered":"","protected":false},"excerpt":{"rendered":"<p>Disponible dans diff\u00e9rents mod\u00e8les<\/p>\n","protected":false},"featured_media":1162,"template":"","meta":{"_themeisle_gutenberg_block_has_review":false},"product_cat":[171,159],"product_tag":[],"_links":{"self":[{"href":"https:\/\/dutyfree.com.tn\/diplomate\/wp-json\/wp\/v2\/product\/1166"}],"collection":[{"href":"https:\/\/dutyfree.com.tn\/diplomate\/wp-json\/wp\/v2\/product"}],"about":[{"href":"https:\/\/dutyfree.com.tn\/diplomate\/wp-json\/wp\/v2\/types\/product"}],"wp:featuredmedia":[{"embeddable":true,"href":"https:\/\/dutyfree.com.tn\/diplomate\/wp-json\/wp\/v2\/media\/1162"}],"wp:attachment":[{"href":"https:\/\/dutyfree.com.tn\/diplomate\/wp-json\/wp\/v2\/media?parent=1166"}],"wp:term":[{"taxonomy":"product_cat","embeddable":true,"href":"https:\/\/dutyfree.com.tn\/diplomate\/wp-json\/wp\/v2\/product_cat?post=1166"},{"taxonomy":"product_tag","embeddable":true,"href":"https:\/\/dutyfree.com.tn\/diplomate\/wp-json\/wp\/v2\/product_tag?post=1166"}],"curies":[{"name":"wp","href":"https:\/\/api.w.org\/{rel}","templated":true}]}}