{"id":1427,"date":"2024-09-14T12:31:17","date_gmt":"2024-09-14T10:31:17","guid":{"rendered":"https:\/\/dutyfree.com.tn\/diplomate\/?post_type=product&#038;p=1427"},"modified":"2025-10-17T11:43:46","modified_gmt":"2025-10-17T09:43:46","slug":"la-vie-est-belle-3","status":"publish","type":"product","link":"https:\/\/dutyfree.com.tn\/diplomate\/produit\/la-vie-est-belle-3\/","title":{"rendered":"LA VIE EST BELLE EDP 30ML"},"content":{"rendered":"","protected":false},"excerpt":{"rendered":"<p>Une fragrance lumineuse pour une femme pleine de joie et de bonheur. Un Iris gourmand, mettant en avant les mati\u00e8res premi\u00e8res les plus raffin\u00e9es de la Haute Parfumerie : iris, jasmin, fleur d\u2019oranger, patchouli, vanille.<\/p>\n<p><img loading=\"lazy\" decoding=\"async\" class=\"alignnone size-full wp-image-1652\" src=\"https:\/\/dutyfree.com.tn\/diplomate\/diplomate\/wp-content\/uploads\/LANCOME.jpg\" alt=\"\" width=\"220\" height=\"63\" srcset=\"https:\/\/dutyfree.com.tn\/diplomate\/wp-content\/uploads\/LANCOME.jpg 220w, https:\/\/dutyfree.com.tn\/diplomate\/wp-content\/uploads\/LANCOME-210x60.jpg 210w\" sizes=\"(max-width: 220px) 100vw, 220px\" \/><\/p>\n","protected":false},"featured_media":1397,"template":"","meta":{"_themeisle_gutenberg_block_has_review":false},"product_cat":[154],"product_tag":[],"_links":{"self":[{"href":"https:\/\/dutyfree.com.tn\/diplomate\/wp-json\/wp\/v2\/product\/1427"}],"collection":[{"href":"https:\/\/dutyfree.com.tn\/diplomate\/wp-json\/wp\/v2\/product"}],"about":[{"href":"https:\/\/dutyfree.com.tn\/diplomate\/wp-json\/wp\/v2\/types\/product"}],"wp:featuredmedia":[{"embeddable":true,"href":"https:\/\/dutyfree.com.tn\/diplomate\/wp-json\/wp\/v2\/media\/1397"}],"wp:attachment":[{"href":"https:\/\/dutyfree.com.tn\/diplomate\/wp-json\/wp\/v2\/media?parent=1427"}],"wp:term":[{"taxonomy":"product_cat","embeddable":true,"href":"https:\/\/dutyfree.com.tn\/diplomate\/wp-json\/wp\/v2\/product_cat?post=1427"},{"taxonomy":"product_tag","embeddable":true,"href":"https:\/\/dutyfree.com.tn\/diplomate\/wp-json\/wp\/v2\/product_tag?post=1427"}],"curies":[{"name":"wp","href":"https:\/\/api.w.org\/{rel}","templated":true}]}}