{"id":1563,"date":"2024-09-15T22:15:48","date_gmt":"2024-09-15T20:15:48","guid":{"rendered":"https:\/\/dutyfree.com.tn\/diplomate\/?post_type=product&#038;p=1563"},"modified":"2024-12-26T13:13:36","modified_gmt":"2024-12-26T12:13:36","slug":"urban-women","status":"publish","type":"product","link":"https:\/\/dutyfree.com.tn\/diplomate\/produit\/urban-women\/","title":{"rendered":"URBAN WOMEN,Eau de Parfum 90 ml"},"content":{"rendered":"","protected":false},"excerpt":{"rendered":"<p>\u00ab Urban Women \u00bb est un parfum compos\u00e9 comme un v\u00e9ritable<br \/>\nbouquet, illumin\u00e9 par une myriade de touches fruit\u00e9es et<br \/>\nflorales, r\u00e9v\u00e9lant un sillage ambr\u00e9 captivant.<\/p>\n<p><img loading=\"lazy\" decoding=\"async\" class=\"alignnone size-full wp-image-1692\" src=\"https:\/\/dutyfree.com.tn\/diplomate\/diplomate\/wp-content\/uploads\/louis.jpg\" alt=\"\" width=\"188\" height=\"55\" \/><\/p>\n","protected":false},"featured_media":1352,"template":"","meta":{"_themeisle_gutenberg_block_has_review":false},"product_cat":[171,154,162],"product_tag":[],"_links":{"self":[{"href":"https:\/\/dutyfree.com.tn\/diplomate\/wp-json\/wp\/v2\/product\/1563"}],"collection":[{"href":"https:\/\/dutyfree.com.tn\/diplomate\/wp-json\/wp\/v2\/product"}],"about":[{"href":"https:\/\/dutyfree.com.tn\/diplomate\/wp-json\/wp\/v2\/types\/product"}],"wp:featuredmedia":[{"embeddable":true,"href":"https:\/\/dutyfree.com.tn\/diplomate\/wp-json\/wp\/v2\/media\/1352"}],"wp:attachment":[{"href":"https:\/\/dutyfree.com.tn\/diplomate\/wp-json\/wp\/v2\/media?parent=1563"}],"wp:term":[{"taxonomy":"product_cat","embeddable":true,"href":"https:\/\/dutyfree.com.tn\/diplomate\/wp-json\/wp\/v2\/product_cat?post=1563"},{"taxonomy":"product_tag","embeddable":true,"href":"https:\/\/dutyfree.com.tn\/diplomate\/wp-json\/wp\/v2\/product_tag?post=1563"}],"curies":[{"name":"wp","href":"https:\/\/api.w.org\/{rel}","templated":true}]}}