{"id":1582,"date":"2024-09-16T10:49:26","date_gmt":"2024-09-16T08:49:26","guid":{"rendered":"https:\/\/dutyfree.com.tn\/diplomate\/?post_type=product&#038;p=1582"},"modified":"2024-12-25T10:40:42","modified_gmt":"2024-12-25T09:40:42","slug":"furla-romantica-eau-de-parfum-30-ml","status":"publish","type":"product","link":"https:\/\/dutyfree.com.tn\/diplomate\/produit\/furla-romantica-eau-de-parfum-30-ml\/","title":{"rendered":"FURLA ROMANTICA , Eau de Parfum 30 ml"},"content":{"rendered":"","protected":false},"excerpt":{"rendered":"<p>Une f\u00e9minit\u00e9 sophistiqu\u00e9e jaillit de la pivoine dans toute sa d\u00e9licatesse, rehauss\u00e9e d\u2019une pointe de malice et de<br \/>\nmodernit\u00e9 gr\u00e2ce aux notes p\u00e9tillantes de Cassis et de Davana.<\/p>\n<p><img loading=\"lazy\" decoding=\"async\" class=\"alignnone size-full wp-image-1658\" src=\"https:\/\/dutyfree.com.tn\/diplomate\/diplomate\/wp-content\/uploads\/FURLA2.jpg\" alt=\"\" width=\"174\" height=\"62\" srcset=\"https:\/\/dutyfree.com.tn\/diplomate\/wp-content\/uploads\/FURLA2.jpg 174w, https:\/\/dutyfree.com.tn\/diplomate\/wp-content\/uploads\/FURLA2-168x60.jpg 168w\" sizes=\"(max-width: 174px) 100vw, 174px\" \/><\/p>\n","protected":false},"featured_media":1655,"template":"","meta":{"_themeisle_gutenberg_block_has_review":false},"product_cat":[171,154,162],"product_tag":[],"_links":{"self":[{"href":"https:\/\/dutyfree.com.tn\/diplomate\/wp-json\/wp\/v2\/product\/1582"}],"collection":[{"href":"https:\/\/dutyfree.com.tn\/diplomate\/wp-json\/wp\/v2\/product"}],"about":[{"href":"https:\/\/dutyfree.com.tn\/diplomate\/wp-json\/wp\/v2\/types\/product"}],"wp:featuredmedia":[{"embeddable":true,"href":"https:\/\/dutyfree.com.tn\/diplomate\/wp-json\/wp\/v2\/media\/1655"}],"wp:attachment":[{"href":"https:\/\/dutyfree.com.tn\/diplomate\/wp-json\/wp\/v2\/media?parent=1582"}],"wp:term":[{"taxonomy":"product_cat","embeddable":true,"href":"https:\/\/dutyfree.com.tn\/diplomate\/wp-json\/wp\/v2\/product_cat?post=1582"},{"taxonomy":"product_tag","embeddable":true,"href":"https:\/\/dutyfree.com.tn\/diplomate\/wp-json\/wp\/v2\/product_tag?post=1582"}],"curies":[{"name":"wp","href":"https:\/\/api.w.org\/{rel}","templated":true}]}}