{"id":2468,"date":"2025-10-06T13:30:23","date_gmt":"2025-10-06T11:30:23","guid":{"rendered":"https:\/\/dutyfree.com.tn\/diplomate\/produit\/kenzo-homme-edp-60ml\/"},"modified":"2025-10-14T16:15:05","modified_gmt":"2025-10-14T14:15:05","slug":"kenzo-homme-edp-60ml","status":"publish","type":"product","link":"https:\/\/dutyfree.com.tn\/diplomate\/produit\/kenzo-homme-edp-60ml\/","title":{"rendered":"KENZO HOMME EDP 60ML"},"content":{"rendered":"<p>KENZO HOMME Eau de Parfum, une nouvelle fragrance bois\u00e9e, marine et addictive pour Homme sign\u00e9e Quentin Bisch. L\u2019interpr\u00e9tation sensuelle d\u2019un cuir chauff\u00e9 par les rayons du soleil et raviv\u00e9 par des facettes \u00e9pic\u00e9es dans un design inspir\u00e9 d\u2019un bambou coup\u00e9 au katana.<\/p>\n","protected":false},"excerpt":{"rendered":"<p>KENZO HOMME Eau de Parfum, une nouvelle fragrance bois\u00e9e, marine et addictive pour Homme sign\u00e9e Quentin Bisch. L\u2019interpr\u00e9tation sensuelle d\u2019un cuir chauff\u00e9 par les rayons du soleil&#8230;.<\/p>\n","protected":false},"featured_media":2640,"template":"","meta":{"_themeisle_gutenberg_block_has_review":false},"product_cat":[171,154,161],"product_tag":[],"_links":{"self":[{"href":"https:\/\/dutyfree.com.tn\/diplomate\/wp-json\/wp\/v2\/product\/2468"}],"collection":[{"href":"https:\/\/dutyfree.com.tn\/diplomate\/wp-json\/wp\/v2\/product"}],"about":[{"href":"https:\/\/dutyfree.com.tn\/diplomate\/wp-json\/wp\/v2\/types\/product"}],"wp:featuredmedia":[{"embeddable":true,"href":"https:\/\/dutyfree.com.tn\/diplomate\/wp-json\/wp\/v2\/media\/2640"}],"wp:attachment":[{"href":"https:\/\/dutyfree.com.tn\/diplomate\/wp-json\/wp\/v2\/media?parent=2468"}],"wp:term":[{"taxonomy":"product_cat","embeddable":true,"href":"https:\/\/dutyfree.com.tn\/diplomate\/wp-json\/wp\/v2\/product_cat?post=2468"},{"taxonomy":"product_tag","embeddable":true,"href":"https:\/\/dutyfree.com.tn\/diplomate\/wp-json\/wp\/v2\/product_tag?post=2468"}],"curies":[{"name":"wp","href":"https:\/\/api.w.org\/{rel}","templated":true}]}}