{"id":2469,"date":"2025-10-06T13:30:24","date_gmt":"2025-10-06T11:30:24","guid":{"rendered":"https:\/\/dutyfree.com.tn\/diplomate\/produit\/kenzo-homme-edp-110ml\/"},"modified":"2025-10-14T15:52:43","modified_gmt":"2025-10-14T13:52:43","slug":"kenzo-homme-edp-110ml","status":"publish","type":"product","link":"https:\/\/dutyfree.com.tn\/diplomate\/produit\/kenzo-homme-edp-110ml\/","title":{"rendered":"KENZO HOMME EDP 110ML"},"content":{"rendered":"<p>Kenzo Homme eau de parfum est un nouveau parfum bois\u00e9e, marine et addictive pour homme audace et sensuel.<\/p>\n<p>Une eau de parfum addictive pour homme sign\u00e9e Quentin Bisch, un nouveau sillage sensuel d\u2019un cuir chauff\u00e9 par les rayons du soleil et raviv\u00e9 par des facettes \u00e9pic\u00e9es dans un flocon inspir\u00e9 d\u2019un bambou coup\u00e9 au katana, Kenzo Homme eau de parfum est une ode \u00e0 la po\u00e9sie.<\/p>\n<p>La note de t\u00eate est marine. Les notes de c\u0153ur est Cuir. La note de fond Patchouli.<\/p>\n","protected":false},"excerpt":{"rendered":"<p>Kenzo Homme eau de parfum est un nouveau parfum bois\u00e9e, marine et addictive pour homme audace et sensuel&#8230;<\/p>\n","protected":false},"featured_media":2640,"template":"","meta":{"_themeisle_gutenberg_block_has_review":false},"product_cat":[171,154,161],"product_tag":[],"_links":{"self":[{"href":"https:\/\/dutyfree.com.tn\/diplomate\/wp-json\/wp\/v2\/product\/2469"}],"collection":[{"href":"https:\/\/dutyfree.com.tn\/diplomate\/wp-json\/wp\/v2\/product"}],"about":[{"href":"https:\/\/dutyfree.com.tn\/diplomate\/wp-json\/wp\/v2\/types\/product"}],"wp:featuredmedia":[{"embeddable":true,"href":"https:\/\/dutyfree.com.tn\/diplomate\/wp-json\/wp\/v2\/media\/2640"}],"wp:attachment":[{"href":"https:\/\/dutyfree.com.tn\/diplomate\/wp-json\/wp\/v2\/media?parent=2469"}],"wp:term":[{"taxonomy":"product_cat","embeddable":true,"href":"https:\/\/dutyfree.com.tn\/diplomate\/wp-json\/wp\/v2\/product_cat?post=2469"},{"taxonomy":"product_tag","embeddable":true,"href":"https:\/\/dutyfree.com.tn\/diplomate\/wp-json\/wp\/v2\/product_tag?post=2469"}],"curies":[{"name":"wp","href":"https:\/\/api.w.org\/{rel}","templated":true}]}}