{"id":2473,"date":"2025-10-06T13:30:28","date_gmt":"2025-10-06T11:30:28","guid":{"rendered":"https:\/\/dutyfree.com.tn\/diplomate\/produit\/gentleman-society-edp-60ml\/"},"modified":"2025-10-14T16:09:07","modified_gmt":"2025-10-14T14:09:07","slug":"gentleman-society-edp-60ml","status":"publish","type":"product","link":"https:\/\/dutyfree.com.tn\/diplomate\/produit\/gentleman-society-edp-60ml\/","title":{"rendered":"GENTLEMAN SOCIETY EDP 60ML"},"content":{"rendered":"<p>Gentleman Givenchy ose une nouvelle intensit\u00e9 au charisme ravageur et magn\u00e9tique. Un parfum libre de style et d&#8217;esprit compos\u00e9 pour ceux qui refusent de suivre le mouvement. Le parfum des hommes qui n&#8217;h\u00e9sitent pas \u00e0 mener la danse, toujours avec \u00e9l\u00e9gance.<\/p>\n","protected":false},"excerpt":{"rendered":"<p>Gentleman Givenchy ose une nouvelle intensit\u00e9 au charisme ravageur et magn\u00e9tique. Un parfum libre de style et d&#8217;esprit compos\u00e9 pour ceux qui refusent de suivre le mouvement. Le parfum des hommes qui n&#8217;h\u00e9sitent pas \u00e0 mener la danse, toujours avec \u00e9l\u00e9gance.<\/p>\n","protected":false},"featured_media":2644,"template":"","meta":{"_themeisle_gutenberg_block_has_review":false},"product_cat":[171,154,161],"product_tag":[],"_links":{"self":[{"href":"https:\/\/dutyfree.com.tn\/diplomate\/wp-json\/wp\/v2\/product\/2473"}],"collection":[{"href":"https:\/\/dutyfree.com.tn\/diplomate\/wp-json\/wp\/v2\/product"}],"about":[{"href":"https:\/\/dutyfree.com.tn\/diplomate\/wp-json\/wp\/v2\/types\/product"}],"wp:featuredmedia":[{"embeddable":true,"href":"https:\/\/dutyfree.com.tn\/diplomate\/wp-json\/wp\/v2\/media\/2644"}],"wp:attachment":[{"href":"https:\/\/dutyfree.com.tn\/diplomate\/wp-json\/wp\/v2\/media?parent=2473"}],"wp:term":[{"taxonomy":"product_cat","embeddable":true,"href":"https:\/\/dutyfree.com.tn\/diplomate\/wp-json\/wp\/v2\/product_cat?post=2473"},{"taxonomy":"product_tag","embeddable":true,"href":"https:\/\/dutyfree.com.tn\/diplomate\/wp-json\/wp\/v2\/product_tag?post=2473"}],"curies":[{"name":"wp","href":"https:\/\/api.w.org\/{rel}","templated":true}]}}