{"id":2485,"date":"2025-10-06T13:30:42","date_gmt":"2025-10-06T11:30:42","guid":{"rendered":"https:\/\/dutyfree.com.tn\/diplomate\/produit\/gentleman-edp-boisee-60ml\/"},"modified":"2025-10-10T15:54:43","modified_gmt":"2025-10-10T13:54:43","slug":"gentleman-edp-boisee-60ml","status":"publish","type":"product","link":"https:\/\/dutyfree.com.tn\/diplomate\/produit\/gentleman-edp-boisee-60ml\/","title":{"rendered":"GENTLEMAN EDP BOISEE 60ML"},"content":{"rendered":"<p>Gentleman Givenchy d\u00e9voile l&#8217;Eau de Parfum Bois\u00e9e, une nouvelle interpr\u00e9tation destin\u00e9e au plus sensuel des Gentlemen.<\/p>\n<p>Un rendez-vous olfactif qui d\u00e9bute par le contact \u00e9pic\u00e9 du poivre noir et de la coriandre. S&#8217;ensuit un t\u00eate-\u00e0-t\u00eate chaleureux entre la gourmandise du cacao et l&#8217;\u00e9l\u00e9gance rac\u00e9e de l&#8217;iris. Une rencontre sublim\u00e9e par les notes bois\u00e9es du santal et un accord oriental.<\/p>\n<p>Ce bois\u00e9 floral \u00e9pic\u00e9 \u00e0 la personnalit\u00e9 envo\u00fbtante exalte toute la sensualit\u00e9 du gentleman.<\/p>\n","protected":false},"excerpt":{"rendered":"<p>Gentleman Givenchy d\u00e9voile l&#8217;Eau de Parfum Bois\u00e9e, une nouvelle interpr\u00e9tation destin\u00e9e au plus sensuel des Gentlemen.<\/p>\n","protected":false},"featured_media":2620,"template":"","meta":{"_themeisle_gutenberg_block_has_review":false},"product_cat":[171,154,161],"product_tag":[],"_links":{"self":[{"href":"https:\/\/dutyfree.com.tn\/diplomate\/wp-json\/wp\/v2\/product\/2485"}],"collection":[{"href":"https:\/\/dutyfree.com.tn\/diplomate\/wp-json\/wp\/v2\/product"}],"about":[{"href":"https:\/\/dutyfree.com.tn\/diplomate\/wp-json\/wp\/v2\/types\/product"}],"wp:featuredmedia":[{"embeddable":true,"href":"https:\/\/dutyfree.com.tn\/diplomate\/wp-json\/wp\/v2\/media\/2620"}],"wp:attachment":[{"href":"https:\/\/dutyfree.com.tn\/diplomate\/wp-json\/wp\/v2\/media?parent=2485"}],"wp:term":[{"taxonomy":"product_cat","embeddable":true,"href":"https:\/\/dutyfree.com.tn\/diplomate\/wp-json\/wp\/v2\/product_cat?post=2485"},{"taxonomy":"product_tag","embeddable":true,"href":"https:\/\/dutyfree.com.tn\/diplomate\/wp-json\/wp\/v2\/product_tag?post=2485"}],"curies":[{"name":"wp","href":"https:\/\/api.w.org\/{rel}","templated":true}]}}