{"id":2487,"date":"2025-10-06T13:30:43","date_gmt":"2025-10-06T11:30:43","guid":{"rendered":"https:\/\/dutyfree.com.tn\/diplomate\/produit\/kenzo-homme-indigo-edp-110ml\/"},"modified":"2025-10-10T16:01:54","modified_gmt":"2025-10-10T14:01:54","slug":"kenzo-homme-indigo-edp-110ml","status":"publish","type":"product","link":"https:\/\/dutyfree.com.tn\/diplomate\/produit\/kenzo-homme-indigo-edp-110ml\/","title":{"rendered":"KENZO HOMME INDIGO EDP 110ML"},"content":{"rendered":"<p>D\u00e9couvrez Kenzo Homme Indigo, l&#8217;Eau de Parfum puissante et \u00e9l\u00e9gante inspir\u00e9e de la rencontre entre la sensualit\u00e9 de l&#8217;Iris, la vivacit\u00e9 de l&#8217;Accord Marin et la chaleur du Cuir.<\/p>\n","protected":false},"excerpt":{"rendered":"<p>D\u00e9couvrez Kenzo Homme Indigo, l&#8217;Eau de Parfum puissante et \u00e9l\u00e9gante inspir\u00e9e de la rencontre entre &#8230;<\/p>\n","protected":false},"featured_media":2624,"template":"","meta":{"_themeisle_gutenberg_block_has_review":false},"product_cat":[171,154,161],"product_tag":[],"_links":{"self":[{"href":"https:\/\/dutyfree.com.tn\/diplomate\/wp-json\/wp\/v2\/product\/2487"}],"collection":[{"href":"https:\/\/dutyfree.com.tn\/diplomate\/wp-json\/wp\/v2\/product"}],"about":[{"href":"https:\/\/dutyfree.com.tn\/diplomate\/wp-json\/wp\/v2\/types\/product"}],"wp:featuredmedia":[{"embeddable":true,"href":"https:\/\/dutyfree.com.tn\/diplomate\/wp-json\/wp\/v2\/media\/2624"}],"wp:attachment":[{"href":"https:\/\/dutyfree.com.tn\/diplomate\/wp-json\/wp\/v2\/media?parent=2487"}],"wp:term":[{"taxonomy":"product_cat","embeddable":true,"href":"https:\/\/dutyfree.com.tn\/diplomate\/wp-json\/wp\/v2\/product_cat?post=2487"},{"taxonomy":"product_tag","embeddable":true,"href":"https:\/\/dutyfree.com.tn\/diplomate\/wp-json\/wp\/v2\/product_tag?post=2487"}],"curies":[{"name":"wp","href":"https:\/\/api.w.org\/{rel}","templated":true}]}}