{"id":2496,"date":"2025-10-06T13:30:48","date_gmt":"2025-10-06T11:30:48","guid":{"rendered":"https:\/\/dutyfree.com.tn\/diplomate\/produit\/aquakenzo-edt-100ml-2\/"},"modified":"2025-10-10T15:39:27","modified_gmt":"2025-10-10T13:39:27","slug":"aquakenzo-edt-100ml-2","status":"publish","type":"product","link":"https:\/\/dutyfree.com.tn\/diplomate\/produit\/aquakenzo-edt-100ml-2\/","title":{"rendered":"AQUAKENZO EDT 100ML"},"content":{"rendered":"<p>Pour Lui, plong\u00e9e dans une eau toute en contrastes. Les baies roses \u00e9claboussent de leurs notes fusantes et fra\u00eeches la feuille de noisette, un t\u00eate \u00e0 t\u00eate aux accents v\u00e9g\u00e9taux in\u00e9dits et addictifs. Le santal cr\u00e9pitant et gourmand s\u2019invite avec le c\u00e8dre dans ce duo frais pour cr\u00e9er la surprise : onctueux, pr\u00e9cieux, il am\u00e8ne de subtiles notes sal\u00e9es, et vibre de sensualit\u00e9 pour signer ce bois\u00e9 frais et rac\u00e9.<\/p>\n","protected":false},"excerpt":{"rendered":"<p>Pour Lui, plong\u00e9e dans une eau toute en contrastes. Les baies roses \u00e9claboussent de leurs notes fusantes et fra\u00eeches la feuille de noisette, un t\u00eate \u00e0 t\u00eate aux accents v\u00e9g\u00e9taux in\u00e9dits et addictifs&#8230;<\/p>\n","protected":false},"featured_media":2618,"template":"","meta":{"_themeisle_gutenberg_block_has_review":false},"product_cat":[171,154,161],"product_tag":[],"_links":{"self":[{"href":"https:\/\/dutyfree.com.tn\/diplomate\/wp-json\/wp\/v2\/product\/2496"}],"collection":[{"href":"https:\/\/dutyfree.com.tn\/diplomate\/wp-json\/wp\/v2\/product"}],"about":[{"href":"https:\/\/dutyfree.com.tn\/diplomate\/wp-json\/wp\/v2\/types\/product"}],"wp:featuredmedia":[{"embeddable":true,"href":"https:\/\/dutyfree.com.tn\/diplomate\/wp-json\/wp\/v2\/media\/2618"}],"wp:attachment":[{"href":"https:\/\/dutyfree.com.tn\/diplomate\/wp-json\/wp\/v2\/media?parent=2496"}],"wp:term":[{"taxonomy":"product_cat","embeddable":true,"href":"https:\/\/dutyfree.com.tn\/diplomate\/wp-json\/wp\/v2\/product_cat?post=2496"},{"taxonomy":"product_tag","embeddable":true,"href":"https:\/\/dutyfree.com.tn\/diplomate\/wp-json\/wp\/v2\/product_tag?post=2496"}],"curies":[{"name":"wp","href":"https:\/\/api.w.org\/{rel}","templated":true}]}}