{"id":2501,"date":"2025-10-06T13:30:52","date_gmt":"2025-10-06T11:30:52","guid":{"rendered":"https:\/\/dutyfree.com.tn\/diplomate\/produit\/fbk-poppy-bouquet-edp100ml\/"},"modified":"2025-12-09T11:23:20","modified_gmt":"2025-12-09T10:23:20","slug":"fbk-poppy-bouquet-edp100ml","status":"publish","type":"product","link":"https:\/\/dutyfree.com.tn\/diplomate\/produit\/fbk-poppy-bouquet-edp100ml\/","title":{"rendered":"FLOWER BY KENZO POPPY BOUQUET EDP 100ML"},"content":{"rendered":"<p>Avec POPPY BOUQUET, le coquelicot s\u2019offre en bouquet, dans toute sa g\u00e9n\u00e9rosit\u00e9. La fra\u00eecheur de la Poire Nashi introduit une explosion florale tr\u00e8s pop : un mix-and-match* sensuel de Rose Bulgare et de Gard\u00e9nia sur fond addictif de Bois d\u2019Amandier.<\/p>\n","protected":false},"excerpt":{"rendered":"<p>La fra\u00eecheur de la Poire Nashi introduit une explosion florale tr\u00e8s pop : un mix-and-match* sensuel de Rose Bulgare et de Gard\u00e9nia sur fond addictif de Bois d\u2019Amandier.<\/p>\n","protected":false},"featured_media":2607,"template":"","meta":{"_themeisle_gutenberg_block_has_review":false},"product_cat":[171,154,162],"product_tag":[],"_links":{"self":[{"href":"https:\/\/dutyfree.com.tn\/diplomate\/wp-json\/wp\/v2\/product\/2501"}],"collection":[{"href":"https:\/\/dutyfree.com.tn\/diplomate\/wp-json\/wp\/v2\/product"}],"about":[{"href":"https:\/\/dutyfree.com.tn\/diplomate\/wp-json\/wp\/v2\/types\/product"}],"wp:featuredmedia":[{"embeddable":true,"href":"https:\/\/dutyfree.com.tn\/diplomate\/wp-json\/wp\/v2\/media\/2607"}],"wp:attachment":[{"href":"https:\/\/dutyfree.com.tn\/diplomate\/wp-json\/wp\/v2\/media?parent=2501"}],"wp:term":[{"taxonomy":"product_cat","embeddable":true,"href":"https:\/\/dutyfree.com.tn\/diplomate\/wp-json\/wp\/v2\/product_cat?post=2501"},{"taxonomy":"product_tag","embeddable":true,"href":"https:\/\/dutyfree.com.tn\/diplomate\/wp-json\/wp\/v2\/product_tag?post=2501"}],"curies":[{"name":"wp","href":"https:\/\/api.w.org\/{rel}","templated":true}]}}