{"id":2507,"date":"2025-10-06T13:30:59","date_gmt":"2025-10-06T11:30:59","guid":{"rendered":"https:\/\/dutyfree.com.tn\/diplomate\/produit\/linterdit-edpr-80ml\/"},"modified":"2025-10-09T12:36:37","modified_gmt":"2025-10-09T10:36:37","slug":"linterdit-edpr-80ml","status":"publish","type":"product","link":"https:\/\/dutyfree.com.tn\/diplomate\/produit\/linterdit-edpr-80ml\/","title":{"rendered":"L&#8217;INTERDIT EDP ROUGE 80ML"},"content":{"rendered":"","protected":false},"excerpt":{"rendered":"<p>C\u00e9dez au frisson de l&#8217;interdit avec L&#8217;Interdit Eau de Parfum Rouge, la fragrance charnelle et br\u00fblante de Givenchy. Ce parfum sensuel pour femme d\u00e9voile un bouquet de fleurs blanches rehauss\u00e9 par un accord rouge incandescent.<\/p>\n","protected":false},"featured_media":2586,"template":"","meta":{"_themeisle_gutenberg_block_has_review":false},"product_cat":[171,154,162],"product_tag":[],"_links":{"self":[{"href":"https:\/\/dutyfree.com.tn\/diplomate\/wp-json\/wp\/v2\/product\/2507"}],"collection":[{"href":"https:\/\/dutyfree.com.tn\/diplomate\/wp-json\/wp\/v2\/product"}],"about":[{"href":"https:\/\/dutyfree.com.tn\/diplomate\/wp-json\/wp\/v2\/types\/product"}],"wp:featuredmedia":[{"embeddable":true,"href":"https:\/\/dutyfree.com.tn\/diplomate\/wp-json\/wp\/v2\/media\/2586"}],"wp:attachment":[{"href":"https:\/\/dutyfree.com.tn\/diplomate\/wp-json\/wp\/v2\/media?parent=2507"}],"wp:term":[{"taxonomy":"product_cat","embeddable":true,"href":"https:\/\/dutyfree.com.tn\/diplomate\/wp-json\/wp\/v2\/product_cat?post=2507"},{"taxonomy":"product_tag","embeddable":true,"href":"https:\/\/dutyfree.com.tn\/diplomate\/wp-json\/wp\/v2\/product_tag?post=2507"}],"curies":[{"name":"wp","href":"https:\/\/api.w.org\/{rel}","templated":true}]}}