{"id":2512,"date":"2025-10-06T13:31:01","date_gmt":"2025-10-06T11:31:01","guid":{"rendered":"https:\/\/dutyfree.com.tn\/diplomate\/produit\/irresistible-edt-80ml\/"},"modified":"2025-12-09T11:22:47","modified_gmt":"2025-12-09T10:22:47","slug":"irresistible-edt-80ml","status":"publish","type":"product","link":"https:\/\/dutyfree.com.tn\/diplomate\/produit\/irresistible-edt-80ml\/","title":{"rendered":"IRRESISTIBLE EDT 80ML"},"content":{"rendered":"<p>Givenchy irr\u00e9sistible eau de toilette un parfum floral fruit\u00e9 pour femme \u00e9clatante et vibrante. Une femme irr\u00e9sistible de Givenchy vivante, vibrante, irr\u00e9sistiblement elle-m\u00eame dans un mouvement de libert\u00e9 et \u00e0 l\u2019envie de se connecter aux autres. Une nouvelle invitation de d\u00e9couvrir l\u2019univers irr\u00e9sistible de Givenchy qui laissez-vous de vivre un moment de pure all\u00e9gresse. Les notes de t\u00eate p\u00e9tillante sont Eau de rose et Bourgeon de cassis. Les notes de c\u0153ur sensuel sont Rose de Damas et Iris. Les notes de fond irr\u00e9sistible sont Musc blanc et C\u00e8dre de Virginie.<\/p>\n","protected":false},"excerpt":{"rendered":"<p>Givenchy irr\u00e9sistible eau de toilette un parfum floral fruit\u00e9 pour femme \u00e9clatante et vibrante. Une femme irr\u00e9sistible de Givenchy vivante, vibrante, irr\u00e9sistiblement elle-m\u00eame dans un mouvement de libert\u00e9 et \u00e0 l\u2019envie de se connecter aux autres&#8230;<\/p>\n","protected":false},"featured_media":2544,"template":"","meta":{"_themeisle_gutenberg_block_has_review":false},"product_cat":[171,154,162],"product_tag":[],"_links":{"self":[{"href":"https:\/\/dutyfree.com.tn\/diplomate\/wp-json\/wp\/v2\/product\/2512"}],"collection":[{"href":"https:\/\/dutyfree.com.tn\/diplomate\/wp-json\/wp\/v2\/product"}],"about":[{"href":"https:\/\/dutyfree.com.tn\/diplomate\/wp-json\/wp\/v2\/types\/product"}],"wp:featuredmedia":[{"embeddable":true,"href":"https:\/\/dutyfree.com.tn\/diplomate\/wp-json\/wp\/v2\/media\/2544"}],"wp:attachment":[{"href":"https:\/\/dutyfree.com.tn\/diplomate\/wp-json\/wp\/v2\/media?parent=2512"}],"wp:term":[{"taxonomy":"product_cat","embeddable":true,"href":"https:\/\/dutyfree.com.tn\/diplomate\/wp-json\/wp\/v2\/product_cat?post=2512"},{"taxonomy":"product_tag","embeddable":true,"href":"https:\/\/dutyfree.com.tn\/diplomate\/wp-json\/wp\/v2\/product_tag?post=2512"}],"curies":[{"name":"wp","href":"https:\/\/api.w.org\/{rel}","templated":true}]}}