{"id":2531,"date":"2025-10-06T13:31:16","date_gmt":"2025-10-06T11:31:16","guid":{"rendered":"https:\/\/dutyfree.com.tn\/diplomate\/produit\/fbk-ikebana-edp-75ml\/"},"modified":"2025-12-09T11:33:35","modified_gmt":"2025-12-09T10:33:35","slug":"fbk-ikebana-edp-75ml","status":"publish","type":"product","link":"https:\/\/dutyfree.com.tn\/diplomate\/produit\/fbk-ikebana-edp-75ml\/","title":{"rendered":"FLOWER BY KENZO IKEBANA EDP 75ML"},"content":{"rendered":"<p>Ce parfum pour femme floral bois\u00e9, FLOWER IKEBANA, est fa\u00e7onn\u00e9 comme un Ikebana, l\u2019art floral japonais, dont l\u2019\u00e9quilibre repose sur trois notes : le Th\u00e9 Sobacha aux accents torr\u00e9fi\u00e9s, la d\u00e9licate fleur de Sakura r\u00e9hauss\u00e9e d\u2019une absolue de Tub\u00e9reuse d\u2019Inde et la chaleur pr\u00e9cieuse de l\u2019essence de bois de Santal d\u2019Australie.<\/p>\n","protected":false},"excerpt":{"rendered":"<p>Ce parfum pour femme floral bois\u00e9, FLOWER IKEBANA, est fa\u00e7onn\u00e9 comme un Ikebana, l\u2019art floral japonais, dont l\u2019\u00e9quilibre repose sur trois notes : le Th\u00e9 Sobacha aux accents torr\u00e9fi\u00e9s, la d\u00e9licate fleur de Sakura r\u00e9hauss\u00e9e d\u2019une absolue de Tub\u00e9reuse d\u2019Inde et la chaleur pr\u00e9cieuse de l\u2019essence de bois de Santal d\u2019Australie.<\/p>\n","protected":false},"featured_media":2562,"template":"","meta":{"_themeisle_gutenberg_block_has_review":false},"product_cat":[171,154,162],"product_tag":[],"_links":{"self":[{"href":"https:\/\/dutyfree.com.tn\/diplomate\/wp-json\/wp\/v2\/product\/2531"}],"collection":[{"href":"https:\/\/dutyfree.com.tn\/diplomate\/wp-json\/wp\/v2\/product"}],"about":[{"href":"https:\/\/dutyfree.com.tn\/diplomate\/wp-json\/wp\/v2\/types\/product"}],"wp:featuredmedia":[{"embeddable":true,"href":"https:\/\/dutyfree.com.tn\/diplomate\/wp-json\/wp\/v2\/media\/2562"}],"wp:attachment":[{"href":"https:\/\/dutyfree.com.tn\/diplomate\/wp-json\/wp\/v2\/media?parent=2531"}],"wp:term":[{"taxonomy":"product_cat","embeddable":true,"href":"https:\/\/dutyfree.com.tn\/diplomate\/wp-json\/wp\/v2\/product_cat?post=2531"},{"taxonomy":"product_tag","embeddable":true,"href":"https:\/\/dutyfree.com.tn\/diplomate\/wp-json\/wp\/v2\/product_tag?post=2531"}],"curies":[{"name":"wp","href":"https:\/\/api.w.org\/{rel}","templated":true}]}}