{"id":2540,"date":"2025-10-06T13:31:26","date_gmt":"2025-10-06T11:31:26","guid":{"rendered":"https:\/\/dutyfree.com.tn\/diplomate\/produit\/organza-edp-100ml\/"},"modified":"2025-10-06T13:41:53","modified_gmt":"2025-10-06T11:41:53","slug":"organza-edp-100ml","status":"publish","type":"product","link":"https:\/\/dutyfree.com.tn\/diplomate\/produit\/organza-edp-100ml\/","title":{"rendered":"ORGANZA EDP 100ML"},"content":{"rendered":"","protected":false},"excerpt":{"rendered":"<p>Quintessence d\u2019une beaut\u00e9 intemporelle, Organza de Givenchy est le parfait m\u00e9lange entre raffinement et volupt\u00e9. Une sublime composition de fleurs blanches rehauss\u00e9e de vanille qui r\u00e9v\u00e8le la sensualit\u00e9 des femmes avec \u00e9l\u00e9gance.<\/p>\n","protected":false},"featured_media":2542,"template":"","meta":{"_themeisle_gutenberg_block_has_review":false},"product_cat":[171,154,162],"product_tag":[],"_links":{"self":[{"href":"https:\/\/dutyfree.com.tn\/diplomate\/wp-json\/wp\/v2\/product\/2540"}],"collection":[{"href":"https:\/\/dutyfree.com.tn\/diplomate\/wp-json\/wp\/v2\/product"}],"about":[{"href":"https:\/\/dutyfree.com.tn\/diplomate\/wp-json\/wp\/v2\/types\/product"}],"wp:featuredmedia":[{"embeddable":true,"href":"https:\/\/dutyfree.com.tn\/diplomate\/wp-json\/wp\/v2\/media\/2542"}],"wp:attachment":[{"href":"https:\/\/dutyfree.com.tn\/diplomate\/wp-json\/wp\/v2\/media?parent=2540"}],"wp:term":[{"taxonomy":"product_cat","embeddable":true,"href":"https:\/\/dutyfree.com.tn\/diplomate\/wp-json\/wp\/v2\/product_cat?post=2540"},{"taxonomy":"product_tag","embeddable":true,"href":"https:\/\/dutyfree.com.tn\/diplomate\/wp-json\/wp\/v2\/product_tag?post=2540"}],"curies":[{"name":"wp","href":"https:\/\/api.w.org\/{rel}","templated":true}]}}