{"id":2773,"date":"2025-10-17T12:25:45","date_gmt":"2025-10-17T10:25:45","guid":{"rendered":"https:\/\/dutyfree.com.tn\/diplomate\/produit\/la-vie-est-belle-edp-int-100ml\/"},"modified":"2025-11-28T14:18:02","modified_gmt":"2025-11-28T13:18:02","slug":"la-vie-est-belle-edp-int-100ml","status":"publish","type":"product","link":"https:\/\/dutyfree.com.tn\/diplomate\/produit\/la-vie-est-belle-edp-int-100ml\/","title":{"rendered":"LA VIE EST BELLE EDP INTENSE 100ML"},"content":{"rendered":"<p>Le bonheur n&#8217;attend pas. Aujourd&#8217;hui, ici, maintenant, chaque instant de notre vie rec\u00e8le un bonheur \u00e0 vivre pleinement. La Vie est Belle Intens\u00e9ment insuffle un nouveau sillage intense et gourmand \u00e0 la signature de l&#8217;eau de parfum originelle. Cette cr\u00e9ation capture l&#8217;intensit\u00e9 qui anime celles qui vivent selon ce mantra essentiel : mon bonheur est ici et \u00e0 pr\u00e9sent.<br \/>\nNotes de t\u00eate : Iris Rouge, Bergamote, Poivre rose, Accord de Framboise<br \/>\nNotes de c\u0153ur : Absolu de Fleur d&#8217;oranger &#038; de Jasmin Sambac<br \/>\nNotes de fond : Vanille Rouge, Essence de c\u0153ur de Patchouli, Santal<\/p>\n","protected":false},"excerpt":{"rendered":"<p>Le bonheur n&#8217;attend pas. Aujourd&#8217;hui, ici, maintenant, chaque instant de notre vie rec\u00e8le un bonheur \u00e0 vivre pleinement&#8230;<\/p>\n","protected":false},"featured_media":2846,"template":"","meta":{"_themeisle_gutenberg_block_has_review":false},"product_cat":[171,154,162],"product_tag":[],"_links":{"self":[{"href":"https:\/\/dutyfree.com.tn\/diplomate\/wp-json\/wp\/v2\/product\/2773"}],"collection":[{"href":"https:\/\/dutyfree.com.tn\/diplomate\/wp-json\/wp\/v2\/product"}],"about":[{"href":"https:\/\/dutyfree.com.tn\/diplomate\/wp-json\/wp\/v2\/types\/product"}],"wp:featuredmedia":[{"embeddable":true,"href":"https:\/\/dutyfree.com.tn\/diplomate\/wp-json\/wp\/v2\/media\/2846"}],"wp:attachment":[{"href":"https:\/\/dutyfree.com.tn\/diplomate\/wp-json\/wp\/v2\/media?parent=2773"}],"wp:term":[{"taxonomy":"product_cat","embeddable":true,"href":"https:\/\/dutyfree.com.tn\/diplomate\/wp-json\/wp\/v2\/product_cat?post=2773"},{"taxonomy":"product_tag","embeddable":true,"href":"https:\/\/dutyfree.com.tn\/diplomate\/wp-json\/wp\/v2\/product_tag?post=2773"}],"curies":[{"name":"wp","href":"https:\/\/api.w.org\/{rel}","templated":true}]}}