{"id":2983,"date":"2026-02-05T12:33:56","date_gmt":"2026-02-05T11:33:56","guid":{"rendered":"https:\/\/dutyfree.com.tn\/diplomate\/produit\/pain-depices-a-lancienne-dbf-500g-delices-de-belle-france\/"},"modified":"2026-02-05T12:49:09","modified_gmt":"2026-02-05T11:49:09","slug":"pain-depices-a-lancienne-dbf-500g-delices-de-belle-france","status":"publish","type":"product","link":"https:\/\/dutyfree.com.tn\/diplomate\/produit\/pain-depices-a-lancienne-dbf-500g-delices-de-belle-france\/","title":{"rendered":"Pain d&#8217;\u00e9pices \u00e0 l&#8217;ancienne 500g D\u00e9lices de Belle France"},"content":{"rendered":"","protected":false},"excerpt":{"rendered":"","protected":false},"featured_media":3021,"template":"","meta":{"_themeisle_gutenberg_block_has_review":false},"product_cat":[209,212,171],"product_tag":[],"_links":{"self":[{"href":"https:\/\/dutyfree.com.tn\/diplomate\/wp-json\/wp\/v2\/product\/2983"}],"collection":[{"href":"https:\/\/dutyfree.com.tn\/diplomate\/wp-json\/wp\/v2\/product"}],"about":[{"href":"https:\/\/dutyfree.com.tn\/diplomate\/wp-json\/wp\/v2\/types\/product"}],"wp:featuredmedia":[{"embeddable":true,"href":"https:\/\/dutyfree.com.tn\/diplomate\/wp-json\/wp\/v2\/media\/3021"}],"wp:attachment":[{"href":"https:\/\/dutyfree.com.tn\/diplomate\/wp-json\/wp\/v2\/media?parent=2983"}],"wp:term":[{"taxonomy":"product_cat","embeddable":true,"href":"https:\/\/dutyfree.com.tn\/diplomate\/wp-json\/wp\/v2\/product_cat?post=2983"},{"taxonomy":"product_tag","embeddable":true,"href":"https:\/\/dutyfree.com.tn\/diplomate\/wp-json\/wp\/v2\/product_tag?post=2983"}],"curies":[{"name":"wp","href":"https:\/\/api.w.org\/{rel}","templated":true}]}}