{"id":1194,"date":"2024-09-12T18:39:03","date_gmt":"2024-09-12T16:39:03","guid":{"rendered":"https:\/\/dutyfree.com.tn\/melloula\/?post_type=product&#038;p=1194"},"modified":"2025-11-10T14:56:46","modified_gmt":"2025-11-10T13:56:46","slug":"egyptian-cream-75ml","status":"publish","type":"product","link":"https:\/\/dutyfree.com.tn\/melloula\/produit\/egyptian-cream-75ml\/","title":{"rendered":"EGYPTIAN CREAM 75ML"},"content":{"rendered":"","protected":false},"excerpt":{"rendered":"<p>Ce soin multi usages allie six puissants ingr\u00e9dients naturels hydratants et r\u00e9g\u00e9n\u00e9rants. S\u2019utilise comme hydratant visage, mains, yeux,soin capillaire, baume \u00e0 l\u00e8vres, et limite les probl\u00e8mes de peau.<\/p>\n<p><img loading=\"lazy\" decoding=\"async\" class=\"alignnone  wp-image-1782\" src=\"https:\/\/dutyfree.com.tn\/melloula\/wp-content\/uploads\/magic.jpg\" alt=\"\" width=\"156\" height=\"50\" srcset=\"https:\/\/dutyfree.com.tn\/melloula\/wp-content\/uploads\/magic.jpg 200w, https:\/\/dutyfree.com.tn\/melloula\/wp-content\/uploads\/magic-188x60.jpg 188w\" sizes=\"(max-width: 156px) 100vw, 156px\" \/><\/p>\n","protected":false},"featured_media":1172,"template":"","meta":{"_themeisle_gutenberg_block_has_review":false},"product_cat":[171,155],"product_tag":[],"_links":{"self":[{"href":"https:\/\/dutyfree.com.tn\/melloula\/wp-json\/wp\/v2\/product\/1194"}],"collection":[{"href":"https:\/\/dutyfree.com.tn\/melloula\/wp-json\/wp\/v2\/product"}],"about":[{"href":"https:\/\/dutyfree.com.tn\/melloula\/wp-json\/wp\/v2\/types\/product"}],"wp:featuredmedia":[{"embeddable":true,"href":"https:\/\/dutyfree.com.tn\/melloula\/wp-json\/wp\/v2\/media\/1172"}],"wp:attachment":[{"href":"https:\/\/dutyfree.com.tn\/melloula\/wp-json\/wp\/v2\/media?parent=1194"}],"wp:term":[{"taxonomy":"product_cat","embeddable":true,"href":"https:\/\/dutyfree.com.tn\/melloula\/wp-json\/wp\/v2\/product_cat?post=1194"},{"taxonomy":"product_tag","embeddable":true,"href":"https:\/\/dutyfree.com.tn\/melloula\/wp-json\/wp\/v2\/product_tag?post=1194"}],"curies":[{"name":"wp","href":"https:\/\/api.w.org\/{rel}","templated":true}]}}