{"id":1457,"date":"2024-09-14T16:09:36","date_gmt":"2024-09-14T14:09:36","guid":{"rendered":"https:\/\/dutyfree.com.tn\/port-des-croisieristes\/?post_type=product&#038;p=1457"},"modified":"2025-01-16T11:27:29","modified_gmt":"2025-01-16T10:27:29","slug":"vienna-24k-gold-plated-double-layered-necklace","status":"publish","type":"product","link":"https:\/\/dutyfree.com.tn\/port-des-croisieristes\/produit\/vienna-24k-gold-plated-double-layered-necklace\/","title":{"rendered":"VIENNA 24K GOLD PLATED DOUBLE LAYERED NECKLACE"},"content":{"rendered":"","protected":false},"excerpt":{"rendered":"<p>Ce superbe collier \u00e0 double \u00e9paisseur est dot\u00e9 d\u2019une cha\u00eene<br \/>\nserpent et d\u2019un collier \u00e0 grosse cha\u00eene plaqu\u00e9s or 24 carat.<\/p>\n<p><img loading=\"lazy\" decoding=\"async\" class=\"alignnone size-full wp-image-1744\" src=\"https:\/\/dutyfree.com.tn\/maritime\/wp-content\/uploads\/fierro.jpg\" alt=\"\" width=\"172\" height=\"69\" \/><\/p>\n","protected":false},"featured_media":1450,"template":"","meta":{"_themeisle_gutenberg_block_has_review":false},"product_cat":[171,156,163],"product_tag":[],"_links":{"self":[{"href":"https:\/\/dutyfree.com.tn\/port-des-croisieristes\/wp-json\/wp\/v2\/product\/1457"}],"collection":[{"href":"https:\/\/dutyfree.com.tn\/port-des-croisieristes\/wp-json\/wp\/v2\/product"}],"about":[{"href":"https:\/\/dutyfree.com.tn\/port-des-croisieristes\/wp-json\/wp\/v2\/types\/product"}],"wp:featuredmedia":[{"embeddable":true,"href":"https:\/\/dutyfree.com.tn\/port-des-croisieristes\/wp-json\/wp\/v2\/media\/1450"}],"wp:attachment":[{"href":"https:\/\/dutyfree.com.tn\/port-des-croisieristes\/wp-json\/wp\/v2\/media?parent=1457"}],"wp:term":[{"taxonomy":"product_cat","embeddable":true,"href":"https:\/\/dutyfree.com.tn\/port-des-croisieristes\/wp-json\/wp\/v2\/product_cat?post=1457"},{"taxonomy":"product_tag","embeddable":true,"href":"https:\/\/dutyfree.com.tn\/port-des-croisieristes\/wp-json\/wp\/v2\/product_tag?post=1457"}],"curies":[{"name":"wp","href":"https:\/\/api.w.org\/{rel}","templated":true}]}}