{"id":1460,"date":"2024-09-14T16:12:55","date_gmt":"2024-09-14T14:12:55","guid":{"rendered":"https:\/\/dutyfree.com.tn\/port-des-croisieristes\/?post_type=product&#038;p=1460"},"modified":"2025-01-16T11:08:58","modified_gmt":"2025-01-16T10:08:58","slug":"montre-femme-chocomoon-holi","status":"publish","type":"product","link":"https:\/\/dutyfree.com.tn\/port-des-croisieristes\/produit\/montre-femme-chocomoon-holi\/","title":{"rendered":"MONTRE FEMME CHOCOMOON HOLI"},"content":{"rendered":"","protected":false},"excerpt":{"rendered":"<p>Montre pour femmes avec un bracelet flexible qui s\u2019adapte<br \/>\n\u00e0 presque tous les poignets. R\u00e9sistante \u00e0 l\u2019eau jusqu\u2019\u00e0 3<br \/>\nbars. Verre min\u00e9ral, mouvement \u00e0 quartz, bo\u00eetier arri\u00e8re en<br \/>\nacier inoxydable. Disponible en 2 mod\u00e8les diff\u00e9rents.<\/p>\n<p><img loading=\"lazy\" decoding=\"async\" class=\"alignnone size-full wp-image-1741\" src=\"https:\/\/dutyfree.com.tn\/maritime\/wp-content\/uploads\/choco.jpg\" alt=\"\" width=\"217\" height=\"55\" \/><\/p>\n","protected":false},"featured_media":1456,"template":"","meta":{"_themeisle_gutenberg_block_has_review":false},"product_cat":[171,156,163],"product_tag":[],"_links":{"self":[{"href":"https:\/\/dutyfree.com.tn\/port-des-croisieristes\/wp-json\/wp\/v2\/product\/1460"}],"collection":[{"href":"https:\/\/dutyfree.com.tn\/port-des-croisieristes\/wp-json\/wp\/v2\/product"}],"about":[{"href":"https:\/\/dutyfree.com.tn\/port-des-croisieristes\/wp-json\/wp\/v2\/types\/product"}],"wp:featuredmedia":[{"embeddable":true,"href":"https:\/\/dutyfree.com.tn\/port-des-croisieristes\/wp-json\/wp\/v2\/media\/1456"}],"wp:attachment":[{"href":"https:\/\/dutyfree.com.tn\/port-des-croisieristes\/wp-json\/wp\/v2\/media?parent=1460"}],"wp:term":[{"taxonomy":"product_cat","embeddable":true,"href":"https:\/\/dutyfree.com.tn\/port-des-croisieristes\/wp-json\/wp\/v2\/product_cat?post=1460"},{"taxonomy":"product_tag","embeddable":true,"href":"https:\/\/dutyfree.com.tn\/port-des-croisieristes\/wp-json\/wp\/v2\/product_tag?post=1460"}],"curies":[{"name":"wp","href":"https:\/\/api.w.org\/{rel}","templated":true}]}}