{"id":1534,"date":"2024-09-15T13:19:41","date_gmt":"2024-09-15T11:19:41","guid":{"rendered":"https:\/\/dutyfree.com.tn\/port-des-croisieristes\/?post_type=product&#038;p=1534"},"modified":"2025-11-07T14:43:47","modified_gmt":"2025-11-07T13:43:47","slug":"good-girl-eau-de-parfum-30-ml","status":"publish","type":"product","link":"https:\/\/dutyfree.com.tn\/port-des-croisieristes\/produit\/good-girl-eau-de-parfum-30-ml\/","title":{"rendered":"GOOD GIRL , Eau de Parfum 30 ml"},"content":{"rendered":"<p>Good Girl est une ode \u00e0 la dualit\u00e9 de la femme, \u00e0 l\u2019attrait de son bon c\u00f4t\u00e9 et de son c\u00f4t\u00e9 sombre.<\/p>\n","protected":false},"excerpt":{"rendered":"<p>Good Girl est une ode \u00e0 la dualit\u00e9 de la femme, \u00e0 l\u2019attrait de son bon c\u00f4t\u00e9 et de son c\u00f4t\u00e9 sombre.<\/p>\n<p><img loading=\"lazy\" decoding=\"async\" class=\"alignnone size-full wp-image-1666\" src=\"https:\/\/dutyfree.com.tn\/maritime\/maritime\/wp-content\/uploads\/CAROL.jpg\" alt=\"\" width=\"270\" height=\"42\" \/><\/p>\n","protected":false},"featured_media":1379,"template":"","meta":{"_themeisle_gutenberg_block_has_review":false},"product_cat":[171,154,162],"product_tag":[],"_links":{"self":[{"href":"https:\/\/dutyfree.com.tn\/port-des-croisieristes\/wp-json\/wp\/v2\/product\/1534"}],"collection":[{"href":"https:\/\/dutyfree.com.tn\/port-des-croisieristes\/wp-json\/wp\/v2\/product"}],"about":[{"href":"https:\/\/dutyfree.com.tn\/port-des-croisieristes\/wp-json\/wp\/v2\/types\/product"}],"wp:featuredmedia":[{"embeddable":true,"href":"https:\/\/dutyfree.com.tn\/port-des-croisieristes\/wp-json\/wp\/v2\/media\/1379"}],"wp:attachment":[{"href":"https:\/\/dutyfree.com.tn\/port-des-croisieristes\/wp-json\/wp\/v2\/media?parent=1534"}],"wp:term":[{"taxonomy":"product_cat","embeddable":true,"href":"https:\/\/dutyfree.com.tn\/port-des-croisieristes\/wp-json\/wp\/v2\/product_cat?post=1534"},{"taxonomy":"product_tag","embeddable":true,"href":"https:\/\/dutyfree.com.tn\/port-des-croisieristes\/wp-json\/wp\/v2\/product_tag?post=1534"}],"curies":[{"name":"wp","href":"https:\/\/api.w.org\/{rel}","templated":true}]}}